 what is -1 + -10111010?
-10111011
In base 12, what is -66 + -a?
-74
In base 16, what is -182 - 1?
-183
In base 13, what is -4 - 5?
-9
In base 6, what is 110 + -2?
104
In base 2, what is -101 + -1000010011?
-1000011000
In base 6, what is 2 - -151?
153
In base 4, what is -12 + -131311?
-131323
In base 8, what is -467 + 5?
-462
In base 2, what is 100010011110 - 101?
100010011001
In base 8, what is -344 + 64?
-260
In base 4, what is -112333 - -1?
-112332
In base 12, what is 4 - 4a?
-46
In base 12, what is 4 - -87?
8b
In base 3, what is 1200 + -1?
1122
In base 12, what is 4b5 + -5?
4b0
In base 8, what is 246 + 10?
256
In base 9, what is -5 - 33?
-38
In base 12, what is 14 + -368?
-354
In base 11, what is 3 + 85?
88
In base 3, what is 112 - -211?
1100
In base 7, what is 104 + 2?
106
In base 7, what is -2 + 4203?
4201
In base 4, what is 1031330 - -10?
1032000
In base 15, what is -100 - 4?
-104
In base 5, what is -210 - 1?
-211
In base 6, what is -1 + 4122?
4121
In base 9, what is -100 + -5?
-105
In base 3, what is 10 + -1221002?
-1220222
In base 12, what is 35 + 146?
17b
In base 3, what is -121 + 2?
-112
In base 2, what is 1100100 + 0?
1100100
In base 11, what is -24a2 - 0?
-24a2
In base 6, what is -13 - -1005?
552
In base 2, what is 11110110000000 + -100?
11110101111100
In base 3, what is -2211 - 121?
-10102
In base 6, what is 3 + -40551?
-40544
In base 14, what is 7c2 + -3?
7bd
In base 14, what is 2 + -35?
-33
In base 14, what is -3 - b2?
-b5
In base 16, what is -4b + 1b?
-30
In base 4, what is -2 - -221?
213
In base 16, what is -16 - 5e?
-74
In base 8, what is 625 - -16?
643
In base 13, what is 0 - 20?
-20
In base 13, what is 1 - 3b6?
-3b5
In base 14, what is 932 + 1?
933
In base 9, what is 0 - -242?
242
In base 6, what is -310 + 22?
-244
In base 6, what is -20012 + 0?
-20012
In base 7, what is -5 + -202?
-210
In base 2, what is 0 - 10000101?
-10000101
In base 11, what is -4 + -361?
-365
In base 16, what is 2f - -2?
31
In base 3, what is 101 + 22022?
22200
In base 3, what is -1 + 20?
12
In base 3, what is 11 + -2021201?
-2021120
In base 5, what is 41414 - 1?
41413
In base 13, what is -929 + -1?
-92a
In base 4, what is 32 - 101122?
-101030
In base 7, what is 0 - 2025?
-2025
In base 14, what is 300 + d?
30d
In base 5, what is 10 - -10301?
10311
In base 14, what is -d6 + 9?
-cb
In base 4, what is 11 - 232101?
-232030
In base 6, what is -2 + -112?
-114
In base 15, what is -2 - 1d5a?
-1d5c
In base 10, what is 99 - -5?
104
In base 5, what is -3 - 3203?
-3211
In base 16, what is 27d + 1?
27e
In base 14, what is 45 - -3?
48
In base 7, what is 24 + -5?
16
In base 10, what is 6 + 75?
81
In base 5, what is -3213 - 10?
-3223
In base 16, what is 7 - -29?
30
In base 5, what is 1131 - -1?
1132
In base 11, what is -655 - -6?
-64a
In base 7, what is -33 - 512?
-545
In base 13, what is 5 + -81?
-79
In base 5, what is 3 - -122?
130
In base 9, what is 71 + -6?
64
In base 5, what is 10 + 2042?
2102
In base 11, what is -13a2 - -15?
-1388
In base 12, what is -9 - 59a?
-5a7
In base 6, what is 434 + 5?
443
In base 11, what is 151 - -89?
22a
In base 12, what is -23 - 142?
-165
In base 5, what is -11 + 41?
30
In base 10, what is -3 - 45?
-48
In base 5, what is 243 - 3?
240
In base 7, what is -1 - 630?
-631
In base 9, what is 20 - -4?
24
In base 14, what is -103 + 0?
-103
In base 9, what is 13311 - 1?
13310
In base 12, what is -5 + 229?
224
In base 9, what is -18 - -122?
103
In base 4, what is 10 - 13332?
-13322
In base 14, what is -35 - 2?
-37
In base 16, what is -1d5 - -1?
-1d4
In base 4, what is -3300 + -1?
-3301
In base 12, what is 11 - -2?
13
In base 6, what is 100 + -10?
50
In base 13, what is 5 + -775?
-770
In base 10, what is -274 + -25?
-299
In base 15, what is a + -a?
0
In base 16, what is -77 - b?
-82
In base 2, what is -11011100 - -11000?
-11000100
In base 16, what is -1c - fd?
-119
In base 10, what is -4 + -70?
-74
In base 4, what is 3320032 - 1?
3320031
In base 10, what is 2595 - 1?
2594
In base 13, what is -c9 - 5?
-101
In base 5, what is 2 + 13401?
13403
In base 12, what is -a + -1a39?
-1a47
In base 14, what is 3 + -d6?
-d3
In base 13, what is -82 + 4?
-7b
In base 15, what is -1a - -6?
-14
In base 10, what is -17 - -36?
19
In base 12, what is 5 + -b2?
-a9
In base 3, what is -11221 + 212?
-11002
In base 12, what is -3 + 5a?
57
In base 6, what is 1123 - 0?
1123
In base 16, what is -598 - b?
-5a3
In base 14, what is 11 - 80?
-6d
In base 4, what is -100032 + 10?
-100022
In base 10, what is 3 + -74?
-71
In base 3, what is -2 + 10121?
10112
In base 16, what is 0 + 1dc?
1dc
In base 5, what is 11 - 2023?
-2012
In base 16, what is -3a - b?
-45
In base 4, what is 12 - 121?
-103
In base 2, what is 1 - 101?
-100
In base 13, what is 103 - -1?
104
In base 4, what is 1211 + -12?
1133
In base 9, what is -572 - 4?
-576
In base 3, what is 112 - 12?
100
In base 10, what is 4 - -416?
420
In base 2, what is -11101 + 1?
-11100
In base 14, what is -590 + 6?
-588
In base 16, what is -32 + 7?
-2b
In base 13, what is 0 + 95?
95
In base 12, what is -234 + -5?
-239
In base 4, what is -113122 + -1?
-113123
In base 5, what is -40 - -32?
-3
In base 16, what is -292 + -3?
-295
In base 6, what is 34 + -4?
30
In base 8, what is 2316 + 2?
2320
In base 14, what is -12 - -7a?
68
In base 3, what is 2 + 2002?
2011
In base 12, what is -5 + -46?
-4b
In base 6, what is -5 - 30?
-35
In base 3, what is 122100022 - 1?
122100021
In base 16, what is -a0 - -e?
-92
In base 6, what is -5 + -355?
-404
In base 13, what is 2c + 0?
2c
In base 14, what is 35 + 3?
38
In base 11, what is -5 - 23?
-28
In base 5, what is -23 + 0?
-23
In base 4, what is 20100 - 11?
20023
In base 16, what is -8 + -8b7?
-8bf
In base 10, what is -9 - 19?
-28
In base 2, what is 11 + -100100?
-100001
In base 8, what is -2 + 12?
10
In base 11, what is -7 + 0?
-7
In base 8, what is 5 + -5107?
-5102
In base 11, what is -4 + 5a30?
5a27
In base 13, what is 1 - 6c?
-6b
In base 4, what is -1330 + -3113?
-11103
In base 2, what is -100000101001000 - -1?
-100000101000111
In base 6, what is 411 - -34?
445
In base 15, what is -1 + 3?
2
In base 9, what is -74 + 12?
-62
In base 16, what is 3 + 2e0?
2e3
In base 2, what is 1101010 + 11?
1101101
In base 14, what is -43 + -12?
-55
In base 5, what is 4 - 123?
-114
In base 2, what is 101001 + -111?
100010
In base 5, what is 2413 + -21?
2342
In base 3, what is -12201 - 200?
-20101
In base 12, what is 21 + -a4?
-83
In base 7, what is 25 - -426?
454
In base 11, what is 1 + -681?
-680
In base 10, what is -169 + -16?
-185
In base 13, what is 1a - -48?
65
In base 16, what is -1 - 3bc?
-3bd
In base 3, what is 10100020 - -2?
10100022
In base 2, what is -1 - -1000?
111
In base 11, what is -93 + -22?
-105
In base 15, what is 1eb + 7?
203
In base 12, what is 0 - -13?
13
In base 4, what is -3231 + 120?
-3111
In base 14, what is -5 - 61?
-66
In base 4, what is 1032 + 0?
1032
In base 7, what is 1416 - 11?
1405
In base 3, what is 1 - 10001?
-10000
In base 8, what is 41 + 176?
237
In base 11, what is -3a + -11?
-50
In base 6, what is -4 + -4354?
-4402
In base 10, what is -128 - 2?
-130
In base 2, what is -111 + -1110011?
-1111010
In base 6, what is -10 + 34?
24
In base 2, what is -10010000 + 1?
-10001111
In base 3, what is -1 + 0?
-1
In base 14, what is -3d6 + 0?
-3d6
In base 3, what is 12 + 2112?
2201
In base 5, what is -1142 + 4?
-1133
In base 13, what is -39 - -4?
-35
In base 10, what is -1359 - -1?
-1358
In base 13, what is -111 - -4?
-10a
In base 5, what is -1 + 1040?
1034
In base 2, what is -10 - 11101110?
-11110000
In base 5, what is 4 - 311?
-302
In base 9, what is 36 - 4?
32
In base 5, what is -432 + 11?
-421
In base 10, what is -7070 + -4?
-7074
In base 13, what is 674 + -1?
673
In base 12, what is 38 - 17?
21
In base 15, what is 4b7 + 3?
4ba
In base 3, what is 11 + 20200?
20211
In base 5, what is 21 + 20?
41
In base 4, what is -1330011 + -1?
-1330012
In base 5, what is 10 - -1303?
1313
In base 11, what is 10 - 26?
-16
In base 13, what is 2 - 4?
-2
In base 12, what is -409 + -5?
-412
In base 16, what is -4 + 15e?
15a
In base 13, what is -21 - -a?
-14
In base 6, what is 5 + -520?
-511
In base 8, what is 2 + -3173?
-3171
In base 4, what is -3 + -210312?
-210321
In base 8, what is -7 + 45?
36
In base 3, what is 